et z(o) = 22. Let q(a) = 2. Let y(f) = 12*q(f) - z(f). Let s(g) = 2*m(g) - 6*y(g). Give s(d).
-10
Suppose -5*a - 7*p + 2*p = -245, 82 = 2*a - 2*p. Suppose 0 = -41*u + a*u + 4. Let w(r) = 9*r**2 + r + 1. What is w(u)?
9
Let o(y) be the first derivative of -21*y**2/2 - y - 1937. Determine o(-3).
62
Let r(i) = i + 3. Let x = -367 + 381. Suppose -12 - 30 = -x*c. What is r(c)?
6
Let y(p) = 6*p**3 - 4*p**2 + 2*p - 21. Let n(v) = v**3 + v**2 - v + 5. Let a(g) = 4*n(g) + y(g). Determine a(-1).
-9
Let p(v) = 2140*v + 8584. Let y be p(-4). Let j(m) = 2*m**2 - 47*m - 21. What is j(y)?
3
Let d(y) = 2*y**3 + 2*y**2 - y - 4. Let h(s) = -s**2 - 157*s + 807. Let p be h(5). Calculate d(p).
-37
Let p(f) = 3 - 2*f**3 - 23*f**2 + 6 + 159*f - 322*f + 8*f**2 + 158*f. Give p(-7).
-5
Let r(l) = -67*l**2 + 66*l**2 - 192 - 4*l + 373 + 2*l - 183. Suppose 3*j + 9 = 4*v, -v - 2*v + 3*j = -3. Let i = v - 10. What is r(i)?
-10
Suppose 5*u = -3*i - 0*i + 26, -2*u + 2 = -3*i. Let v = -21 - -48. Let z(d) = -17*d - 9*d - 2 + v*d. Give z(i).
0
Suppose 4*j - 8 = 0, 15*z - 26 = 17*z + j. Let v(x) = -x**3 - 14*x**2 - 2*x - 11. What is v(z)?
17
Let o be ((-5)/50*2)/(3/(-45)). Let m(g) be the third derivative of g**6/120 - g**5/60 - g**4/6 - g**3/6 - 3*g**2. Give m(o).
5
Let s(k) = -k**2 - 5*k + 5. Let j(x) = -x - 31 - 24 + 38. Let m be (-14)/(-49) + (-158)/14. Let b be j(m). Give s(b).
-1
Suppose -3 = -g + 2*o, -g = 13*o - 8*o - 3. Let u(m) = 6*m + 1 - g*m**2 - m**3 - 5*m + 6 + 2*m - 4. Give u(-4).
7
Suppose -4*r + 3 = -4*n + 27, 0 = 4*r - 5*n + 29. Let g(a) = a - 2. Let m(v) = -14*v + 11. Let q(z) = r*m(z) - 6*g(z). Calculate q(2).
17
Suppose 37*b + 173*b - 62 = 387 + 391. Let f(v) be the first derivative of -6*v - 1/3*v**3 - 2 + 2*v**2. Give f(b).
-6
Let l = -167 + 205. Let h(a) = a**2 - 40*a + 80. Calculate h(l).
4
Let r(w) = -13*w**3 - 10*w**2 + 4*w + 1. Let v(n) = 11*n**3 + 10*n**2 - 3*n. Let d = -274 + 269. Let u(x) = d*r(x) - 6*v(x). Determine u(-10).
15
Let k(t) = t**2 + 1. Let g be 110/30 - (-2)/6. Suppose -4*x + 3*v - 117 = 0, -x + 4*v = -g*x - 119. Let a = x + 33. What is k(a)?
1
Let n = 1470 - 1455. Let s = 1 + 20. Suppose -n*h + 12 = -s*h. Let k(b) = 2*b - 1. Calculate k(h).
-5
Let z(o) be the third derivative of 2*o**5/15 + o**4/12 + 5*o**3/6 + 6*o**2 - 22*o - 2. Calculate z(2).
41
Let z = 11285 + -11328. Let q(p) = p**2 + 43*p + 5. Calculate q(z).
5
Let q(a) = -a. Let y be (4 - (11 + -5 + -3))*4. Let g = -7 - -6. Let t(h) = -10*h + 1. Let n(c) = g*t(c) + y*q(c). Give n(2).
11
Let g(k) = -k - 7. Let a(h) = -h - 13. Let w(l) = 6*a(l) - 11*g(l). Let p be 18 + (3948/(-6))/47. What is w(p)?
19
Let i(g) = 1617*g + 213*g**2 - 1604*g + 11 - 212*g**2. Calculate i(-5).
-29
Let m(r) = r + 16. Let q(p) = -3*p - 62. Let i(k) = -7*m(k) - 2*q(k). Determine i(6).
6
Suppose -1 = -5*c + 19, 2*c - 2 = 2*m. Suppose -2 + 4 = j + m*i, -5*i - 2 = 3*j. Let d(q) = 52 + 18*q**2 - 3*q - 50 - 2*q - 19*q**2. Determine d(j).
6
Let f = 20 - -18. Let o = 47 - f. Suppose 15 = k + o. Let m(v) = -3*v + 8. Give m(k).
-10
Let b(w) be the third derivative of 1/4*w**4 + 0*w + 0 + 1/15*w**5 + 34*w**2 + 5/6*w**3. Give b(-4).
45
Let v(k) = 6*k - 62. Let f be v(27). Let l = f - 109. Let w(z) = -15*z + 7 + 8*z - z**2 + 1. Determine w(l).
-10
Let k(s) = -s**3 + 6*s**2 + 19*s + 3. Suppose -1818 = 7*d - 1867. Determine k(d).
87
Let r = -6 - -20. Let h be (-4 + r - 2) + -2. Let j(p) = -6*p + 23*p**3 + h*p**2 + 9 - 41*p**3 + 19*p**3. Calculate j(-7).
2
Let a be (-153)/51 + (3 - -2). Let s be ((-9)/(-6))/(3/76). Let p be (19/s)/(1/a). Let k(c) = -21*c**2. Calculate k(p).
-21
Let l be (7 + (-78)/12)*(4 - 0). Suppose 3*q = -5*b + 22, 13*b - l = 16*b - 2*q. Let d(h) = 8*h - 3. Determine d(b).
13
Suppose 19*u - 18*u - 17 = 4*d, d = -1. Let m(c) = u*c - 20*c - 1 - 4 - 5*c**2 - 5*c**3 + 4*c**3. Calculate m(-4).
7
Let y(f) = -f - 12. Let k be y(-12). Let h(i) be the third derivative of i**6/120 + 2*i**3/3 + 783*i**2. Calculate h(k).
4
Let l(s) = 151 + 4060*s - 1034*s - 1027*s - 1035*s - 1015*s. Determine l(3).
-2
Let y(g) be the third derivative of 7*g**4/6 - 85*g**3/3 + 4106*g**2. Determine y(6).
-2
Let t be -4 + 45/45*3*-1*-1. Let z(f) = -4*f**3 - 3*f**2 - 3*f - 2. Determine z(t).
2
Let k be ((-3)/5)/((-24)/(-1760)*-11). Let g(p) = -p + 1. Let y(b) = b**2 - 4*b + 6. Let a(c) = -6*g(c) + y(c). Calculate a(k).
24
Let u(s) be the third derivative of -s**5/30 - s**4/8 - s**3/3 - 3*s**2. Let l be 1*(-8 - (-20)/4)*(20 - 21). What is u(l)?
-29
Let m(r) = 3*r**2 - r. Suppose 24*y - 18*y = 120. Suppose y = 4*u + 16*u. Give m(u).
2
Let z(j) = 14 - 3*j + 0*j - 33 - 4*j + 3. Let d be z(-4). Let g(a) = a**3 - 12*a**2 + 2*a - 13. Determine g(d).
11
Let c(b) = -b**2 + 10*b - 11. Let s be (-27)/12 - -2 - (-114)/8. Suppose a - 3*a + 2*l = -s, 0 = 3*a + 4*l - 21. Calculate c(a).
10
Let f be 242/15 + 1*2/(-15). Let v(n) = n**3 - 16*n**2 - 3*n + 41. What is v(f)?
-7
Let i(u) = -u**3 - 6*u**2 - 3*u - 19. Let r(d) = -11*d**3 + 22*d**2 - 8*d + 10. Let a be r(2). Give i(a).
-1
Let b(y) = y**3 - 5*y**2 + 6*y - 29. Let a be b(5). Let u(z) = -14*z - 13. Let r(s) = -2*s - 3. Let v(l) = a*u(l) - 5*r(l). What is v(6)?
-22
Let j(h) = -29*h - 196. Let y be j(-7). Let q(b) = 2*b**2 - 13*b - 9. Give q(y).
-2
Let k(c) = 3*c. Suppose 5*v + 12*v = 51. Suppose 3*q + b = v*b + 28, b = 1. Suppose q*x = 9*x + 2. Give k(x).
6
Let s = -1476 - -1476. Let z(g) = 13*g - 15*g + 2*g**3 + g**2 - 3*g**3. Calculate z(s).
0
Let t(j) = -2*j**2 + 7*j + 15. Let g(l) = l**2 - 4*l - 8. Let m(s) = 5*g(s) + 3*t(s). Give m(8).
-51
Let w = 1705 + -1708. Let h(f) = 7*f**2 + f - 1. What is h(w)?
59
Let w(u) be the first derivative of u**4/4 - 4*u**3/3 - 3*u**2 + 6*u - 1. Let b be ((-211)/4)/((-9)/72). Let i = b + -417. Determine w(i).
1
Let n(v) = -12*v + 1. Let j(h) = -74*h + 86. Let p(d) = -j(d) + 5*n(d). Determine p(6).
3
Suppose -254 = -9*b - 92. Let p(i) = i - 19. Give p(b).
-1
Let l = 7804 + -7795. Let y(q) = -q**3 + 10*q**2 - 8*q - 5. Determine y(l).
4
Let k(m) = -m**2 - 16*m - 14. Suppose i - 5 = 5*f, 5*i + 71 = -30*f + 31*f. What is k(i)?
1
Suppose 40*s + 774 = -386. Let q(m) = -m - 32. Give q(s).
-3
Let g(s) = 9*s**2 + 35*s + 1. Let k(q) = -q**2 - 264*q - 528. Let u be k(-2). Give g(u).
5
Let j(i) = -i**3 - 3*i**2 - 3*i + 3. Suppose 115*z - 233*z + 119*z = -4. Determine j(z).
31
Let j(y) = y**2 - 6*y + 4. Suppose 14*k - 72*k + 33842 = 33378. Calculate j(k).
20
Let x(m) = -3*m - 18. Suppose -48 = 67*z - 43*z. Give x(z).
-12
Let r(l) be the third derivative of l**3 + 0*l + 0 - 1/24*l**4 - 21*l**2. Suppose b = -5*d + 11, 4 = -3*d + 7*d. Determine r(b).
0
Let h(o) be the first derivative of -o**4/4 - 2*o**3/3 + 32*o**2 - 14*o - 8592. Give h(7).
-7
Let g(s) = -23*s**2 + s - 9. Let m(l) = 29*l**2 + 8. Let y(c) = 5*g(c) + 4*m(c). Calculate y(-6).
-7
Let l(v) = -4*v - v**3 + v**2 - 6*v**2 + 6*v. Let z be l(-5). Let x(r) = 2 + 6883*r - 2293*r - 2292*r - 8 - 2299*r. Give x(z).
4
Let o(j) = -j**3 + 9*j**2 - 7*j + 11. Let b = 1321 - 1313. What is o(b)?
19
Suppose 6*i + 20 = 2*i + 5*f, 3*i + f - 4 = 0. Suppose i*c + 36*c = 396. Let l(w) = -w**3 + 12*w**2 - 11*w - 10. Determine l(c).
-10
Let p(k) be the second derivative of k**6/180 + k**5/20 - k**4/6 + k**3/3 + 61*k**2/2 + 87*k. Let l(r) be the second derivative of p(r). Determine l(-4).
4
Let l(q) = 4*q**2 - 70*q + 38. Let u be l(17). Let o(a) = a - 1. Let x(v) = 3*v - 5. Let m(j) = u*o(j) - x(j). Give m(-7).
-6
Let f(z) = 62*z**2 - 13*z - 14. Suppose -51 = -15839*k + 15890*k. What is f(k)?
61
Suppose 5*f - 4*u = 26, 2*f = -218*u + 217*u - 13. Let a(j) = 80*j + 13. Determine a(f).
-147
Let u(b) = 10*b + 9. Let k(q) = -11*q - 13. Let d(h) = 2*k(h) + 3*u(h). What is d(2)?
17
Let h(t) be the third derivative of 45*t - 1/120*t**6 - 1/3*t**3 - 1/6*t**4 + t**2 + 0 - 1/15*t**5. Calculate h(-4).
14
Let q(y) = 0 - 2*y**2 - 4 - y**3 - 2*y**2. Suppose 5*d - u - 2934 = 0, -9*u + 13*u = 2*d - 1188. Suppose 604 - d = -6*h. What is q(h)?
-13
Let g(u) be the third derivative of u**6/180 - u**5/40 - u**4/6 - 59*u**3/6 - 22*u**2. Let a(d) be the first derivative of g(d). Calculate a(3).
5
Let m = 19 + -17. Let p = -30 - -32. Let h(c) = -11*c**p + c**3 + 7*c**m - c - c**2 + 4*c + 2. What is h(4)?
-2
Suppose 0 = 12*l - 3*l - 18. Suppose -l*k = -0*k -